se
Let r(l) = -11*l**3 - 5*l**2 - 2*l + 1. Let j = 6 - -5. Suppose 0 = t - j + 14. Is r(t) composite?
True
Suppose 9*k + 35 = -46. Is ((-3372)/k)/((8/3)/4) prime?
False
Suppose 4*a + 287 = -161. Let u = a + 286. Is 5*1/(10/u) prime?
False
Suppose 386 = 3*i - 3*s - s, 5*i - 674 = -s. Is i - (-1 + -1)/((-4)/2) prime?
False
Let l(b) = 4*b**2 - 5*b + 4. Suppose n = -5*j + 83, -3*j + 4*n - n = -57. Suppose 3*u + 3*z = z + j, -20 = -3*u - 5*z. Is l(u) prime?
True
Let h(x) = x**3 + 21*x**2 - 11*x - 1. Is h(-8) composite?
False
Let g(q) = -1128*q + 79. Is g(-8) a prime number?
True
Let v = 129 - 127. Is ((11295/(-10))/(-9))/(v/12) a prime number?
False
Let v be -10*(-4 - 488/10). Let y be 2357/(-7) + 2/(-7). Let b = v + y. Is b composite?
False
Suppose 0*r - 5*r = 0, 0 = -2*d - 5*r. Suppose 3*s + 6 = 0, 2243 = 5*y - 4*s - d*s. Is y prime?
False
Suppose -635292 = -20*o - 196072. Is o a prime number?
True
Let l(a) = -2840*a - 67. Is l(-7) a prime number?
True
Let h be 42/(-9) + 4/6. Let p be (-943)/2 + (-6)/h. Is ((-3)/(-6) - 1)*p composite?
True
Suppose -1529 - 4137 = -2*b. Is b a prime number?
True
Let g be (-5)/(195/228) + (-10)/65. Let k be 2*(-12)/(-2 + 1). Is g/(-8) + 6078/k a prime number?
False
Suppose 3*i + 6 = 0, -2*z + 0*z + i = -6. Let y(j) = 3*j - 2*j - 4*j + 8 + z. Is y(-7) composite?
False
Suppose -2*w + 1164 = s, 2*s = -3*w + 2910 - 585. Suppose 0 = -4*a + s + 494. Is a composite?
True
Let t = -584 + 349. Let z = 332 + t. Is z a composite number?
False
Let t(o) be the second derivative of o**5/20 + o**4/3 - 7*o**3/6 - 3*o**2/2 - 26*o. Is t(4) a prime number?
True
Let k(m) = 2809*m - 315. Is k(4) a prime number?
False
Let b be 4/(-10) - (-291)/15. Let l(w) = 4*w**2 - 16*w + 11. Is l(b) prime?
True
Suppose 0 = -4*c - 1513 + 329. Suppose 705 = -j - k, 6*j - 2*j + k = -2832. Let z = c - j. Is z composite?
True
Is 9 + 35/(-4) + 4686/8 composite?
True
Suppose 0 = 4*y - 2*f + f - 33, 2*f - 6 = 0. Is (-1)/((-3)/y)*7864/12 prime?
False
Suppose -5*t + 36 = -t. Suppose -n = 4*f - t, 3*n + 3 + 2 = 4*f. Suppose z = -f*q + 26, q + z = -3*q + 56. Is q a prime number?
False
Is 21/21 + 2 + 13154 prime?
False
Let i = 332 + -485. Is 7/((-7)/i) - 4 composite?
False
Suppose 10 = -2*c, 4*a - 28 = 3*a + 5*c. Suppose a*s + 5*x + 3343 = 0, 0 + 1 = x. Let o = s + 1657. Is o composite?
False
Let i be (-6)/4*(-6)/(-9). Suppose -3 + 33 = 5*b. Let k = b - i. Is k a prime number?
True
Suppose 2*r - 36 = 4*x, 5*r = -3*x + 13 - 40. Is (-1029)/x + (-12)/9 a prime number?
True
Let b be (-2)/(-6)*(2 + 4). Suppose -2*h - b*y = 3*y + 12, -2*y - 8 = 0. Suppose 14 = m + d, -2*m + 4*d + 24 = -h. Is m prime?
False
Let j(n) = -n**2 - 8*n + 2. Let r be j(-8). Suppose 3*b - 5*h - 4011 = 0, 1337 = -b + r*b - 4*h. Is b composite?
True
Suppose 3*c = 15, 3*v + 4*c - 86 + 6 = 0. Suppose -3*h + v = -h. Is h prime?
False
Suppose -9*m = -6*m + 3. Is (-2)/4*m*614 a composite number?
False
Let n(z) = -40*z**3 - 4*z**2 + 5*z + 1. Let u be n(-4). Let h = u - 160. Is h composite?
True
Suppose 37 = -5*b + 4*s, 3*s = 4*b + b + 39. Is (-518)/(-21)*b/(-6) composite?
False
Is 1/((8/(-13544))/(-1)) composite?
False
Let p(k) be the first derivative of k**4/2 - 2*k**3/3 - k**2 + 17*k + 18. Is p(7) prime?
False
Suppose 3*o + 0 = -6. Let u be 4/(-3)*o*3. Suppose -3*d - 95 = -u*d. Is d composite?
False
Let c = 1287 + 772. Is c a composite number?
True
Let s(y) = 12*y**2 + 30*y - 793. Is s(-36) a prime number?
True
Let i(a) be the second derivative of -5/2*a**2 + 1/10*a**5 + 1/12*a**4 + 0 + 1/2*a**3 - 6*a. Is i(3) a composite number?
False
Let h(u) = -u**2 - 5*u - 2. Let c be h(-3). Suppose 3335 = c*r + r. Is r composite?
True
Suppose j + 4*l - 2138 - 1487 = 0, 2*j - l - 7286 = 0. Is j a prime number?
False
Let m(k) = 20*k**2 - 15*k + 9. Let d be m(12). Suppose 0 = -4*r + 5*x + 2159, 0 = 5*r + 4*x - 0*x - d. Suppose -407 = -4*f + r. Is f a composite number?
True
Suppose 4*y - 76 = -0*y - 3*o, 0 = 2*y + o - 36. Let p be 1 - 4/(y/(-124)). Suppose 0 = -3*i + c + p + 1119, -5*c = i - 357. Is i a composite number?
True
Let b(d) be the second derivative of -71*d**4/24 - 4*d**3/3 - 13*d**2/2 - 13*d. Let f(h) be the first derivative of b(h). Is f(-7) composite?
True
Suppose 9*l - 4 = 14. Suppose 5*z - 755 = -2*c, 3*c = -l*z - c + 318. Is z a composite number?
False
Suppose 4*t = -4*v - 61 + 373, -3*v + 237 = 4*t. Suppose b - 64 = -4*c + 22, 5*c + 5*b = 100. Let u = v - c. Is u a composite number?
False
Let k = 3286 - 1779. Is k composite?
True
Let c = 1531 - 1057. Let i = c + 107. Is i a composite number?
True
Suppose -5*h = 7 + 33. Let s = -39 - 0. Let m = h - s. Is m prime?
True
Is 10261171/689 + (-4)/(-26) a prime number?
False
Is ((-4)/(-14) - 28083/21)*-1 a prime number?
False
Let f(o) = 417*o + 66. Is f(3) composite?
True
Let s be 3 + 1 - (-22)/(-2). Let g = s - -6. Is (-93)/(10/(-4) - g) a composite number?
True
Let v = -191054 + 312181. Is v composite?
True
Let w = -7858 - -14147. Is w a prime number?
False
Suppose 3*n + 5*o = -n, 3*o = -5*n + 13. Suppose 0 = 5*v + 2*x - 876, -3*x + 8*x - 15 = 0. Suppose -454 = -n*s - 5*p - v, s - 2*p = 47. Is s composite?
False
Let d = 38 + -53. Let b = -11 - d. Suppose 14 = -p - 3*o + 129, b*p = -4*o + 460. Is p prime?
False
Let y(m) = -2817*m - 149. Is y(-6) a composite number?
True
Let i(p) = -8886*p + 43. Is i(-1) composite?
False
Let t = -22334 + 75325. Is t a composite number?
True
Let y be 1506/2 + 19 + -20. Let x = 47 + y. Is x prime?
False
Suppose -v = -3*v + 2. Let l be v/(-2) - (-21)/6. Suppose 0 = -l*j - 2*j + 1005. Is j a composite number?
True
Let m = 120962 + -72413. Is m prime?
False
Let b(o) = o**2 - 15*o + 26. Let y be b(13). Suppose -d = 2*l - 3*d - 682, l + 2*d - 326 = y. Suppose -3*m + c = -468, l = 3*m - 2*c - 135. Is m a prime number?
False
Suppose -r + 5*r - 10 = -2*n, 3*n + 35 = 4*r. Let z(s) = -4*s**3 - 6*s**2 - 13*s - 14. Is z(n) composite?
False
Suppose 5 = i - 19. Let n(q) = 3*q**2 - 41*q + 7. Is n(i) composite?
False
Suppose -2*s - 3 = -13, -2*w - 3*s - 29 = 0. Let m = w + 45. Let y = 168 + m. Is y a composite number?
False
Let j be (-1494)/27 + 4/(-6). Let s = j - -98. Suppose 4*f - 285 = -3*i - s, -4*i + f + 305 = 0. Is i composite?
True
Let p be (-3 - (-305 - 1))/(-1). Let y = -38 + -104. Let f = y - p. Is f a prime number?
False
Suppose 32 = 4*j + 4*v, -3 = -2*v + v. Suppose 4*k + j*q - 544 = 0, -385 = -3*k + 2*q - 0*q. Is k composite?
False
Let a(h) = 243*h**2 + 17*h - 5. Let m be a(4). Suppose 5*f = 2*f + m. Is f prime?
False
Suppose -17 = -10*i + 9*i. Suppose 2*l - i = -l + 2*y, 0 = 3*l + 3*y + 3. Suppose -142 = -l*a + 1364. Is a a prime number?
False
Let p(h) = 29*h**3 + 2*h**2 + 7*h - 4. Let o be p(3). Let d = -189 + o. Is d a prime number?
False
Suppose -5*x + 11194 = 3*b, 2*b = -3*x + 3102 + 3615. Is x a composite number?
False
Suppose 4*o - 5*x - 5 = 5*o, -4*x - 25 = 5*o. Is (0 + 1)*(24 + o) a composite number?
False
Suppose 22 = 4*p - h, 5*p - 2*h = 3*p + 8. Suppose 3*u - 1349 = -4*t, 3*u = t - p*t + 1684. Is t a prime number?
False
Let s(q) = 90*q**3 + 9*q + 2. Is s(3) a prime number?
True
Suppose 78 = 4*i + 4*q - 106, -2*q - 4 = 0. Suppose j + 2*j + 30 = 0. Let x = j + i. Is x a prime number?
False
Let h = -70 + 72. Suppose -q + 6 = 2*q. Suppose -q*s = h*s - 60. Is s prime?
False
Suppose -58*y + 67*y - 283221 = 0. Is y prime?
True
Let n = -32 + 36. Suppose -4*v + v + 376 = n*z, 253 = 3*z - 5*v. Is z composite?
True
Let q(y) = 2*y + 55. Let c be q(0). Suppose 5*d - c = 10. Suppose d = v - 0*v + 2*g, -4*v = -g - 88. Is v a prime number?
False
Let w(r) = -r**3 - 6*r**2 - r - 6. Suppose 0 = 2*n - 5*h - 3, 10*h - 5*h = -15. Let y be w(n). Suppose z - 211 = -y*z. Is z a prime number?
True
Suppose 7*j - 4*j = -186. Let o be 1 + j/(-1) + 4. Suppose o + 27 = 2*t. Is t a composite number?
False
Let t = -2 - -5. Let m be t + 0 + -1 + 1. Suppose -251 = -2*u + m*s, 0 = 2*u - s - 88 - 165. Is u prime?
True
Suppose 4 = -d + 2*d. Let i(a) = -20*a**3 - 6*a**2 - 7*a - 2. Let b be i(-3). Suppose -c = 4*f - d*c - b, -3*f + 376 = -5*c. Is f a composite number?
False
Is ((-2)/6)/(1 + 80444/(-80430)) a composite number?
True
Let o(j) = -2424*j + 63. Let a(q) = 1213*q - 32. Let f(u) = 7*a(u) + 4*o(u). Is f(-3) composite?
False
Suppose 6*b = 5*b. 